{"id":426,"date":"2016-08-29T21:25:45","date_gmt":"2016-08-29T21:25:45","guid":{"rendered":"http:\/\/cknj.com.br\/teste\/?page_id=426"},"modified":"2021-11-10T22:48:57","modified_gmt":"2021-11-11T01:48:57","slug":"contato","status":"publish","type":"page","link":"https:\/\/cknj.com.br\/teste\/contato\/","title":{"rendered":"Contato"},"content":{"rendered":"<p>Se voc\u00ea est\u00e1 com alguma d\u00favida, quer nos perguntar algo ou apenas mandar uma mensagem, envie um e-mail para <a href=\"mailto:contato@cooknenjoy.com\">contato@cooknenjoy.com<\/a> Te respondemos assim que poss\u00edvel \ud83d\ude09<\/p>\n<div class=\"fb-page\" data-href=\"https:\/\/www.facebook.com\/sitecooknenjoy\/\" data-width=\"1000\" data-hide-cover=\"false\" data-tabs=\"messages\" data-height=\"500\" data-show-posts=\"false\"><\/div>\n","protected":false},"excerpt":{"rendered":"<p>Se voc\u00ea est\u00e1 com alguma d\u00favida, quer nos perguntar algo ou apenas mandar uma mensagem, envie um e-mail para contato@cooknenjoy.com Te respondemos assim que poss\u00edvel \ud83d\ude09<\/p>\n","protected":false},"author":4,"featured_media":0,"parent":0,"menu_order":0,"comment_status":"closed","ping_status":"closed","template":"","meta":{"wprm-recipe-roundup-name":"","wprm-recipe-roundup-description":"","_genesis_hide_title":false,"_genesis_hide_breadcrumbs":false,"_genesis_hide_singular_image":false,"_genesis_hide_footer_widgets":false,"_genesis_custom_body_class":"","_genesis_custom_post_class":"","_genesis_layout":"","footnotes":""},"class_list":{"0":"post-426","1":"page","2":"type-page","3":"status-publish","5":"entry"},"_links":{"self":[{"href":"https:\/\/cknj.com.br\/teste\/wp-json\/wp\/v2\/pages\/426","targetHints":{"allow":["GET"]}}],"collection":[{"href":"https:\/\/cknj.com.br\/teste\/wp-json\/wp\/v2\/pages"}],"about":[{"href":"https:\/\/cknj.com.br\/teste\/wp-json\/wp\/v2\/types\/page"}],"author":[{"embeddable":true,"href":"https:\/\/cknj.com.br\/teste\/wp-json\/wp\/v2\/users\/4"}],"replies":[{"embeddable":true,"href":"https:\/\/cknj.com.br\/teste\/wp-json\/wp\/v2\/comments?post=426"}],"version-history":[{"count":0,"href":"https:\/\/cknj.com.br\/teste\/wp-json\/wp\/v2\/pages\/426\/revisions"}],"wp:attachment":[{"href":"https:\/\/cknj.com.br\/teste\/wp-json\/wp\/v2\/media?parent=426"}],"curies":[{"name":"wp","href":"https:\/\/api.w.org\/{rel}","templated":true}]}}